+ 12 - v*f - 1 - 3. Give k(6).
2
Let c(n) = 47*n - 6. Let r(q) = q**2 - 28. Let d be r(-5). Give c(d).
-147
Let j(p) = -5*p**2 - 3*p + 3. Let o(x) = -8*x + 12*x + 4*x**2 - 3 - x. Let y(s) = 2*j(s) + 3*o(s). What is y(2)?
11
Let a(s) = 0*s - s**3 + s + 0*s + 7*s**2 + 8 - 7*s + 2*s**3. Suppose 2*r = 16 - 12. Let c be -10 + 1 + r + -1. Calculate a(c).
-8
Suppose -3*c + 2 = -n, 23 = -4*n + 9*n - 4*c. Let r(o) = 23 + 24 - 2*o - 35. Calculate r(n).
-2
Let k(a) = 4*a**2. Let u(w) = -22*w**2 + 9*w - 18. Let z(m) = 5*k(m) + u(m). Calculate z(3).
-9
Suppose 544 = 33*m - 59*m - 42*m. Let b(f) = f. Let l(x) = -x**2 - 11*x + 11. Let s(v) = 3*b(v) + l(v). Determine s(m).
11
Suppose 10*a - 3*a - 5610 + 5589 = 0. Let x(z) = z**2 - 10*z + 33. Calculate x(a).
12
Let f(r) = -17 + r + 15 - 6*r**2 + r**3 - r. Let i(w) = -w**3 - 14*w**2 + 26*w + 19. Let p be i(-16). Let l = -109 + p. Give f(l).
-2
Let n(w) = w + 12. Let c be n(-6). Suppose -5*b - c = 4. Let h(p) be the first derivative of p**4/4 + p**3 + p - 3869. Calculate h(b).
5
Let o(l) = l**2 + l - 4. Suppose -36 = -y - 11*y. Suppose 8*h = 6*h - y*u + 10, 3*u + 20 = 4*h. Suppose 9*j = h*j. Calculate o(j).
-4
Suppose -463*q - 445*q + 6012 = -240*q. Let b(a) = a**2 - 13*a + 22. Give b(q).
-14
Let z(a) = -2100*a**3 - 8*a**2 - 19 + 2099*a**3 - 7*a**2 + 20 - a. Calculate z(-15).
16
Suppose -4*m + 0*y = -2*y - 50, -3*y - 25 = -m. Suppose -11*t = -m*t - 4. Suppose -g = t*g + 10. Let j(c) = 4*c**2 - 3*c - 1. What is j(g)?
21
Let f(o) be the second derivative of -5*o**3/6 + 35*o**2 - 12*o - 2. Let g be f(15). Let m(k) = -2*k - 1. Give m(g).
9
Let a(k) be the first derivative of k**4/4 - 8*k**3/3 - 2*k**2 - 9*k - 933. Give a(8).
-41
Let t be ((-5)/20*0)/2. Suppose -5*a - 3*j = 69, 5*a = -t*j - 4*j - 72. Let b be (a/(-14))/(4/28). Let u(q) = -q**2 + 5*q + 2. What is u(b)?
-4
Let y = 402 - 400. Let p(q) = -1 + 301*q + 302*q + 6*q**y - 604*q. Suppose -7 + 3 = 4*t. What is p(t)?
6
Let f(o) = 2*o + 7. Suppose 3*z = 3, 8*j - 7*j - 1 = -z. Suppose j = 15*k + 126 - 21. Calculate f(k).
-7
Suppose -3*r + 15 = 2*r. Let m(s) = 3*s**2 + 2*s - 1. Let v(h) = -14*h**2 - 16*h + 6. Let z(g) = -5*m(g) - v(g). Give z(r).
8
Let o(p) = -p**2 - 8*p - 6. Let g be o(-7). Let r be -3 - -6 - (1 - g). Suppose 5*z = 3*n - 7, -n = 2*z + r*z + 11. Let y(f) = 16*f**2 - 1. Determine y(n).
15
Let h(s) = 9*s - 7. Let b be (-5)/((-50)/(-12)) + 96/5 + -14. Calculate h(b).
29
Let t(u) = u**3 - 447 + 3*u**2 - 455 + 898 - 3*u. What is t(-4)?
-8
Let c(d) = d**3 + d**2 + d - 1. Let l be (-1)/8 + (-276)/96. What is c(l)?
-22
Let u(a) be the third derivative of 0 + 2/3*a**3 + 61*a + a**2 + 1/8*a**4. Calculate u(7).
25
Suppose y + 14 = 4*m, -22*y + 24*y + 5*m + 2 = 0. Let z(k) = k**3 + 3*k**2 - 2*k + 5. Let i(j) = -j**2 - j. Let x(w) = -3*i(w) + z(w). Give x(y).
-1
Suppose 3*a - 3*n - 14 = -a, 0 = -2*a - 2*n + 14. Suppose -6*s = -5*s - a. Let c(m) = 1. Let p(w) = -w**2 + w. Let h(r) = -2*c(r) + p(r). Give h(s).
-22
Suppose 211*k + 310 = -534. Let m(n) = 3*n - 3. Let a(v) = -7*v + 6. Let d(j) = 6*a(j) + 13*m(j). Give d(k).
9
Let j(a) = a**2 + a + 1. Let o(w) = 4*w + 47. Let z be o(-13). Let g(k) = 6*k**2 + 1. Let r(i) = z*j(i) + g(i). Suppose -s - s = -8. Calculate r(s).
-8
Let c(r) be the first derivative of 5/2*r**2 + 2*r + 58. Calculate c(1).
7
Let m(k) = k**2 + 2*k - 1. Let t be (-2 - (-56)/32) + (-30)/8. Let z(h) = h**3 + 10*h**2 - 5. Let i(y) = t*m(y) + z(y). Determine i(-7).
6
Suppose -2*p - 6 = -2, 0 = -3*z + 5*p + 25. Let s be z*(-5)/15*24/5. Let y(f) = -f**3 - 9*f**2 - 8*f - 5. Calculate y(s).
-5
Suppose -28*c - 24*c = 13*c + 195. Let l(q) = 12*q - 26. Give l(c).
-62
Let a(s) = -5*s - 73. Let w = -251 + 231. What is a(w)?
27
Let w(s) = -s**2 + 9*s - 1. Let r = 219 + -219. Suppose 3*g + 4*f - 20 = r, 2*g + 3*f - 5 = g. Determine w(g).
7
Let j(c) = -4*c**3 + 6*c**2 - 13*c + 6. Suppose 0 = -110*w + 128*w - 90. Let i(p) = -2*p**3 + 3*p**2 - 6*p + 3. Let x(z) = w*i(z) - 2*j(z). What is x(2)?
-9
Suppose -6650*b = -6620*b - 210. Let v(k) = -6 - 2*k**2 + 3 - 7 + 11*k. Give v(b).
-31
Let n(t) be the third derivative of t**6/120 + t**5/15 - t**4/4 + 7*t**3/6 + 16*t**2. Let a(c) = -c**2 + 13*c - 47. Let k be a(6). Determine n(k).
12
Suppose 5*l - 72 = -3*x, -112 = -19*x + 17*x + 18*l. Let t(u) be the third derivative of -1/24*u**4 - x*u**2 + 5/6*u**3 + 0*u + 0. Determine t(8).
-3
Let z(n) = n**2 + n - 3. Let q = 507 - 509. Determine z(q).
-1
Let r(s) = s**2 - 133*s + 516. Let c be (-4818)/(-1254) - 18/(-114). Determine r(c).
0
Let g be 0/(1 - 2)*-1. Let j(a) = g*a**3 - 2*a**3 + 4*a**3 + 2*a + 1. Suppose -50*q = -33*q - 42*q - 25. Calculate j(q).
-3
Let g(u) = -5*u**3 + u**3 - 9*u + 3*u**3 - 8 + 14*u. Let j(f) = 4*f**2 + 5*f - 4*f - 1 - 5*f**2. Let d(t) = -g(t) + 4*j(t). Give d(4).
0
Suppose -2*s - 6 = -2*d - 0*d, d - 15 = 5*s. Let y(q) = 16*q - 40*q + 2 + 20*q. Let r(c) = -11*c + 7. Let g(b) = 3*r(b) - 8*y(b). Calculate g(d).
5
Let s(b) be the first derivative of -145 - 1/4*b**4 + 4*b**2 + 10*b - 2/3*b**3. Give s(-4).
10
Let x(o) = -o**3 + 13*o**2 + 2*o - 16. Let h be (-182)/112*(-24)/3. What is x(h)?
10
Suppose 10*c + 6 = 36. Let z(v) = -1 + 2*v + 0*v**3 - 2*v**c - 2*v**2 - v**3. What is z(1)?
-4
Let d(a) = a**2 + a - 1. Let b = -22 - -24. Let z(s) = -9*s**2 - s**2 + 2*s + 3*s**2 + 2 + 4*s**b. Let t(q) = 2*d(q) + z(q). Give t(4).
0
Let y(g) = -56*g + 21. Let s(p) = -12*p + 3. Let q(o) = -6*s(o) + y(o). Calculate q(-1).
-13
Let p(h) be the third derivative of -h**4/24 + h**3 - 16*h**2 - 10. Determine p(15).
-9
Let h = 427 + -426. Suppose -3*a + 4 + 2 = 0. Let o(d) = -19*d + 13*d + 2 + h + d**a. Determine o(2).
-5
Let x be (-1558 + 9)/(-2 - (-61)/31). Let b(i) = -x*i + i**2 + 48019*i - 3*i**3. Suppose 4*v - 1 = -0*v - 5*a, -2*a - 2 = 4*v. Give b(v).
4
Let l(p) = 2*p**2 + 22*p - 48. Let k be l(-13). Let t(h) = 5*h - 152 - h**2 + k*h**2 + 304 - 149 + h**3. Determine t(-2).
-3
Let p(c) = -31*c + 208. Let q(n) = 21*n - 139. Let k(y) = 5*p(y) + 8*q(y). Let r be k(5). Let i(h) = -2*h. Calculate i(r).
14
Let y(m) = -m**3 - 4*m**2 - m + 2. Let b be y(-3). Suppose 12*h - 11*h - 4*s + 1 = 0, h + s - 4 = 0. Let u(i) = 3 - h*i + 2 - 3 - 4 - 4. Calculate u(b).
6
Let s(i) = -i**3 - 2*i**2 - i + 1. Let d(g) = 5*g**3 - 7*g**2 - 12*g - 27. Let t(f) = d(f) + 6*s(f). Determine t(-18).
-21
Let q(x) = -9*x - 3. Suppose 1236*v - 1237*v = 5. Let w be 4*v/(-40)*(4 - 2). Give q(w).
-12
Let b(s) = 10*s**2 + 91*s - 53. Let l(q) = 27*q**2 + 253*q - 161. Let t(c) = -8*b(c) + 3*l(c). Determine t(-33).
7
Suppose 2*t - m = 3*m - 52, -3*m + 69 = -3*t. Let a(o) = 3*o + 60. Let h be a(t). Let w(l) = l + 5 + 2 + 7. Determine w(h).
14
Let v(c) = -10*c**2 + 62*c + 54. Let q be v(7). Let r(g) = g**3 + 2*g**2 - 5*g - 8. Give r(q).
2
Let t(m) = 50*m + 106. Let l(r) = -20*r - 43. Let c(g) = 12*l(g) + 5*t(g). Calculate c(-2).
-6
Let o(a) = a**3 - 5*a**2 + 3*a - 11. Let l(p) = -p**2 + 4*p + 5. Let u be l(4). Let t be o(u). Suppose -8*j - t*j - 12 = 0. Let g(z) = -4*z. Determine g(j).
4
Let f be (-16)/(-24) - 80/(-6). Suppose 21 = -17*r + f*r. Let u(y) = -2*y - 13. Calculate u(r).
1
Suppose 4*y = -2*u + 182, 13*u = 17*u + 4. Let o(c) = -c**2 - 21 + y - 35. Let r = 0 - 0. Calculate o(r).
-10
Let c(x) = -14*x**2 - 10. Let o(w) be the first derivative of -5*w**3/3 - 3*w + 6. Let z(k) = -3*c(k) + 10*o(k). Determine z(-1).
-8
Let h(x) = 3*x - 1. Suppose 4*s + 5*b = -14, -5*s = -0*s - 2*b + 1. Let c be h(s). Let u(g) = -13 - 6671*g + 6668*g - 10 - 14 + 41 - 10. What is u(c)?
6
Let s(g) = -7*g**3 + 5*g**2 - 18*g + 36. Let r(w) = 17*w**3 - 12*w**2 + 44*w - 90. Let n(a) = -5*r(a) - 12*s(a). Give n(0).
18
Suppose f - 14 = h, 3*h + 4*f + 33 = -9. Let v(s) = -s**3 - 14*s**2 - 6*s + 16. Calculate v(h).
100
Let t(f) = -f**3 + 7*f**2 + 83*f - 63. Let o be t(13). Let b(r) = -2 - 9*r + 3*r**3 + 5 + 5*r - r**3. Give b(o).
11
Let b(t) be the first derivative of 4*t**2 - 30 - 1/3*t**3 - 3*t. What is b(9)?
-12
Let p(i) be the first derivative of i**2/2 - 27*i + 2011. What is p(20)?
-7
Suppose p + 2 = 3*g + 2*g, -8 = -5*g - p. Let z(x) = 4*x - 3*x + g - 4 - 2*x. Let w be (120/(-80))/((-2)/(-4)). Give z(w).
0
Let a(i) be the second derivative of i**6/720 - 7*i**5/60 - i**4/3 + 5*i**2 + 80*i. Let c(u) be the third derivative of a